culate 6 - (7 + (8 - 14)).
5
Evaluate (-7 - (-5 - (-5 - -6))) + -7.
-8
8 + -21 + (-12 - -19)
-6
What is (2 - -2) + -11 + 7 + -5?
-5
Evaluate (-1 - (-2 - (2 + -1))) + 2.
4
Evaluate 1 + 0 + (3 - 6) + 0.
-2
-4 + 5 + (-3 - 2)
-4
(-2 - -2 - -1) + (-22 - -24)
3
Evaluate 6 + -14 + 14 + -1.
5
Calculate -15 + -6 + 14 - -3.
-4
Calculate -3 + 1 + 0 - -1.
-1
What is the value of (2 - 3) + 1 - -3 - 4?
-1
What is -1 + 0 + -2 + -4 + 6?
-1
What is 6 - (-4 - (-9 + 4))?
5
What is (-6 - -3) + 22 + -28?
-9
-7 + -2 + 6 + 3
0
1 - (6 - 4 - -5)
-6
Evaluate 13 + (-2 - 7) + -13.
-9
-9 + 16 - (-5 + 20)
-8
What is 0 - -4 - (166 + -168)?
6
Evaluate -10 + 23 - (-2 - -14).
1
What is 0 - 0 - (2 - 3)?
1
What is -28 + 30 + (2 - 3)?
1
4 + (0 - -1) + -3
2
-1 + 3 + -2 + 2 - 7
-5
12 + -11 - 14 - -6
-7
Evaluate 2 + -4 + (-2 - (-2 - 1)).
-1
Evaluate (-1 + 3 - 8) + (0 - 0).
-6
Calculate -9 + (13 - (8 - -1)) - -10.
5
Evaluate -10 - 2 - (69 + -82).
1
6 + -7 + -2 + (5 - 12)
-10
Calculate -2 - (-3 + 4 - (-3 + 5)).
-1
What is the value of 0 + (4 - (7 - 6)) - 5?
-2
What is -3 + (3 - 0 - 4)?
-4
What is the value of -4 - 2 - ((-5 - -1) + 1)?
-3
Calculate 2 - ((2 - 4) + 3).
1
0 - -7 - 11 - (-3 + 1)
-2
Evaluate 1 - (-7 - (5 + -6 + -6)).
1
What is the value of 3 + -2 + (-3 - -3)?
1
-3 + (-4 + 10 - 3 - 1)
-1
Evaluate -2 + -1 - (-13 + 7) - 3.
0
Evaluate 3 - (-3 - -5) - 5 - -1.
-3
Calculate 1 + -2 - (3 - -2) - -5.
-1
What is (-161 - -177) + (-7 - 1)?
8
Calculate -8 - (-17 + (-7 - -11)).
5
What is the value of -2 + 3 + -2 + -4?
-5
What is the value of -8 + 9 - (-1 - -5) - -1?
-2
What is the value of 0 - ((-2 - (2 - -1)) + 0)?
5
What is the value of (5 + -6 - 3) + 5?
1
1 + 0 - (54 + -52)
-1
What is the value of -10 + 2 + (-63 - -68)?
-3
Calculate -4 - (2 + -11) - (-1 - -6).
0
What is the value of -2 + -10 - (0 - 6)?
-6
What is the value of (-1 + 2 - 0) + -1 + 1?
1
What is -11 + 7 - (-3 + -2) - 4?
-3
What is the value of 1 + 0 + 15 + (-19 - -6)?
3
What is -10 - (2 - 2) - -5?
-5
(2 - 0) + (6 - 10)
-2
What is 3 - (-4 + 6 - 2 - 5)?
8
(2 - 8) + 19 - (14 - 6)
5
Calculate -6 + 8 - (-3 - 0).
5
Evaluate -4 + 9 - (5 - -8).
-8
4 - 3 - (20 + -23)
4
What is the value of -4 - 1 - (-9 + -1 - -6)?
-1
What is 3 + 10 + (-2 - 8)?
3
Calculate 9 - 15 - (2 + -4).
-4
-2 - (-4 + 2) - -5
5
Evaluate -10 + 22 + (-7 - (1 - 3)).
7
What is the value of (0 - -4) + (5 - 6) + -5?
-2
What is (5 - 4 - (2 + 3)) + 3?
-1
Evaluate 4 - (0 + 2) - (108 + -103).
-3
What is -3 + 9 + (-6 - 1) - 0?
-1
Calculate 6 + (1 - (8 + 1)).
-2
What is (-6 - 0) + (0 - -8)?
2
Calculate 8 + 2 + (1 - 7).
4
What is -5 + 5 + (-4 - -3) + -3?
-4
What is the value of 1 - (4 - 4) - -3?
4
14 + -16 - (-1 + -1)
0
3 + -4 - (-3 - (2 - 3))
1
Evaluate -2 + -4 - (4 + 2 + -7).
-5
What is the value of (3 - 2) + -3 + -3?
-5
What is -6 + (-1 - (3 + -4 + -3))?
-3
Evaluate (-7 + 9 - 4) + (-2 - 0).
-4
What is -2 + (2 - 6) - -2?
-4
Evaluate 5 + (-8 + 0 - (-8 + 11)).
-6
What is -1 - 3 - ((6 - 8) + -1)?
-1
Evaluate -24 - -15 - (-1 + -2).
-6
7 - ((7 - -5) + -6)
1
What is the value of -6 + 0 + (10 - 8)?
-4
-9 + (-1 - 0) - -14
4
-1 + -5 - (-31 - -14 - -12)
-1
What is the value of (0 - 1) + -2 + 4 - 4?
-3
What is the value of 0 - (-5 + 4 - -6)?
-5
What is -3 + 5 + -6 + 3?
-1
What is (3 - 1 - 6) + (-14 - -20)?
2
Calculate -4 - -3 - 3 - (-16 - -6).
6
What is the value of 1 + (5 - 10 - -9)?
5
Evaluate (6 - 7) + (1 - 3).
-3
Calculate 4 - (1 - (5 - 6)).
2
What is the value of 1 + 1 - (-6 - -8)?
0
94 + -94 + 0 + 0 + -3
-3
3 + -3 + 0 - 4
-4
-14 + (12 - 1) + 2 + 0
-1
What is (0 - (-2 + 1)) + -4?
-3
Calculate 2 + (0 - -1) + -5 + 0.
-2
What is 16 + 2 + (16 - 30)?
4
What is (-17 - -13) + 15 - 21?
-10
What is the value of 7 - 0 - (206 - 195)?
-4
What is 0 + (0 - 5) - (-20 + 19)?
-4
Calculate 2 + 6 + -2 - (10 + -7).
3
Calculate 10 - (-8 + 8) - (4 + 0).
6
What is the value of 6 - (10 + -5) - (3 - 0)?
-2
Evaluate 4 + 7 + -1 + -8.
2
Evaluate -25 - -26 - (4 + 1).
-4
What is 5 - 0 - (-25 + 8 - -16)?
6
What is (-6 - -2) + (1 - 1) + 4?
0
Calculate 13 + -9 + -5 + 6.
5
Calculate 3 + (9 - 17) + -3.
-8
Calculate -2 - ((-1 - -1) + (-2 - -4)).
-4
Calculate -24 - -23 - (0 - -4 - 1).
-4
What is 1 - (-4 + (-1 - -1 - -2))?
3
What is the value of (-6 + 3 + 2 - -2) + 1?
2
Evaluate (4 + -2 - 2) + 3.
3
Evaluate 14 + 6 + -18 + 0 + -3.
-1
Calculate (214 - 210) + (2 - (-1 + 1)).
6
What is the value of -1 + -3 - (-8 + -1 + 6)?
-1
What is the value of (-2 - -3) + 5 - (9 + -2)?
-1
Calculate -1 - (0 - 2 - -9) - -5.
-3
8 - (11 + -6 - (4 - 2))
5
Evaluate (-10 - -20) + -10 - (2 - -6).
-8
Calculate (-4 - -1) + 1 + 1.
-1
What is the value of (-6 - -2) + -10 + 11?
-3
Calculate (19 - 20) + 6 + -1.
4
What is the value of -3 + -1 - (4 + -7 + 1)?
-2
Evaluate 48 - 39 - (-1 - -7).
3
What is -3 + 3 + 1 + (1 - 1)?
1
Evaluate -16 + 2 + (10 - 5) - -4.
-5
What is the value of (-5 - -8) + (-2 - -2)?
3
Evaluate -6 + -4 + 0 + 5 + 2.
-3
Calculate 0 - (-7 - (-2 - -7) - -5).
7
What is -5 - (3 + -3 + -1)?
-4
Evaluate -3 + (6 + -6 - (-7 - -5)).
-1
What is the value of -3 + 8 + -2 + 0 + 0?
3
Evaluate 3 + -5 + (4 - 5).
-3
What is the value of 10 + (-19 - (1 + -7))?
-3
What is the value of 7 - (-3 + (0 - -14))?
-4
Calculate -2 - (5 - (2 + 7 + 1)).
3
What is 1 - (0 + (3 - -1) - 7)?
4
What is the value of 4 + 5 + -6 + (0 - 2)?
1
What is the value of (15 - 5) + -2 + -3?
5
-1 + -6 - (-6 - -1)
-2
What is the value of (0 - 0) + 4 + (-6 - -2)?
0
What is the value of -25 - -20 - (0 + -1)?
-4
Calculate 0 + 1 - ((-7 - -6) + 2).
0
Evaluate 1 - (1 - (3 + -7)).
-4
What is 11 + -4 + -10 + 1?
-2
7 - (2 - 7) - (-8 + 14)
6
6 - (-6 + -2 + 8)
6
What is the value of (2 - (7 - (2 + 0))) + 6?
3
Evaluate 0 - (6 + 8 + -20).
6
-2 - ((-1 - -3) + -4 + 0)
0
Evaluate (-1 - -2) + -1 + (2 - 6).
-4
2 - 4 - ((-5 - -2) + -1)
2
-4 + (7 - (0 + -6 + 10))
-1
4 - (11 - 8) - -2
3
What is (7 - 1) + (7 - 6) - 4?
3
2 + -3 + 1 + 3 - 4
-1
Evaluate -3 + 3 + 3 + -4.
-1
What is (-2 - -10) + 1 + -7?
2
Evaluate -14 + 20 - (-3 + 8).
1
Calculate 6 + -1 + -4 + 1 + -2.
0
Calculate 45 + -41 - (1 - 1).
4
Evaluate (10 - 6) + -6 + 1.
-1
Calculate 5 + (-14 + 9 - -2).
2
Evaluate -2 + (-2 - -2 - 3) - -1.
-4
(-9 - (-9 + 3)) + (-6 - -2)
-7
Evaluate -2 + (-6 - -7) + 0.
-1
Calculate 1 + -6 + (-2 - (-2 + -1)).
-4
Calculate 15 - (0 - (-3 + -3)).
9
What is 0 + -5 + 2 + -1 + 0?
-4
Calculate 3 + 9 + -6 - 11.
-5
What is (4 + (-5 - -3) - 1) + 4?
5
Calculate 6 + -1 + -10 - -4.
-1
What is the value of -1 + ((0 - 0) + 4 - 7)?
-4
Calculate -8 + (0 - -4 - 0) + 1.
-3
2 - 1 - (-5 + 1)
5
Calculate -5 + -6 + (8 - -4) + -5.
-4
What is (0 - -6) + 2 + -12?
-4
Evaluate 5 - (5 - (-5 - -4)).
-1
What is 2 + 0 + 0 + -1 + -4?
-3
What is -1 - 7 - (-16 + 13) - -1?
-4
What is the value of (3 - (2 - 0 - -3)) + -1?
-3
Calculate (4 + -4 - (-2 + 0)) + 0.
2
Evaluate 9 + (-12 - (5 + -2)).
-6
Calculate 1 - (2 + 1 + 4 - 1).
-5
Evaluate (16 - -3) + 0 + -10.
9
Evaluate (9 - (-4 + 4)) + -3.
6
What is (-12 - (-8 - 1)) + (0 - 3)?
-6
What is the value of 3 + -2 + 1 + -4?
-2
Evaluate (-7 - -21) + -24 + 18.
8
What is the value of -11 - (-21 - -5) - (0 + 3)?
2
What is the value of 11 + -12 + 8 + 2?
9
Calculate 14 + -14 - (6 + -1 + 1).
-6
Calculate 12 + (-10 - 3 - -5).
4
2 - (9 - (18 + -10))
1
What is the value of 20 + -32 + 2 + (-2 - -7)?
-5
Calculate -2 - -4 - (-11 - -22).
-9
(-7 - -1) + -37 + 35
-8
What is -3 - (-3 + (1 - (2 - 0)))?
1
Evaluate (5 - 6) + 6 - 7.
-2
What is 3 + 4 + (-11 - 1)?
-5
0 + (-4 - -5) - (-2 - -8)
-5
0 + -9 - (82 - 88)
-3
Evaluate 2 + -2 + -3 + (-2 - -3).
-2
Calculate 3 + -1 - (1 - 21 - -25).
-3
1 + (-2 - 0) + -6 - -2
-5
Evaluate (18 - 20) + (7 - 1).
4
Calculate -2 + 3 + (-3 - 3).
-5
Evaluate -3 - (18 + -16 - (0 - -4)).
-1
What is the value of 0 + -3 + 5 + 1?
3
Evaluate 6 + 2 + -6 + -2.
0
Calculate 3 + -4 + 0 + 4 + -7.
-4
What is the value of (3 - (-7 - -4 - -6)) + -3?
-3
What is 3 - (-3 + -2 + 12)?
-4
Evaluate 10 + (12 - 7) + -6.
9
What is 26 - 23 - (9 - 0)?
-6
9 + -13 + (-5 - -5)
-4
Calculate -4 + 0 + 2 + -1 + 2.
-1
What is the value of -6 + -1 - (-9 + -3)?
5
What is the value of 2 + -2 + -3 + 92 + -97?
-8
(-28 - -25) + 1 + 2
0
What is 0 + -1 + (2 - (5 + -6))?
2
What is the value of (-9 - -6) + (-2 - -9)?
4
What is the value of (5 - (10 - 0)) + 4 - 1?
-2
What is 12 + -2 + -15 - (-6 - 1)?
2
Evaluate 10 + (-17 - -6) + 4.
3
What is -8 